{"id":2043,"date":"2024-01-25T12:26:16","date_gmt":"2024-01-25T12:26:16","guid":{"rendered":"https:\/\/www.dated.org.tr\/?page_id=2043"},"modified":"2024-11-27T13:51:34","modified_gmt":"2024-11-27T13:51:34","slug":"duyurular","status":"publish","type":"page","link":"https:\/\/www.dated.org.tr\/?page_id=2043","title":{"rendered":"Duyurular"},"content":{"rendered":"<div class=\"wpb-content-wrapper\"><p>[vc_row full_width=&#8221;stretch_row_content_no_spaces&#8221; equal_height=&#8221;yes&#8221; css=&#8221;.vc_custom_1550842308747{margin-bottom: 0px !important;padding-bottom: 0px !important;}&#8221;][vc_column disable_custom_paddings_mobile=&#8221;true&#8221; css=&#8221;.vc_custom_1706183676559{padding-right: 190px !important;padding-left: 70px !important;background-color: #323236 !important;background-position: center !important;background-repeat: no-repeat !important;background-size: contain !important;}&#8221; offset=&#8221;vc_col-md-6 vc_col-sm-offset-0&#8243; el_class=&#8221;verticalPageTitle&#8221;]<div class=\"clearboth\"><\/div><style>#thegem-divider-69f506ca67ce7 {margin-top: 85px !important;}<\/style><div id=\"thegem-divider-69f506ca67ce7\" class=\"gem-divider  \" style=\"\" ><\/div><div class=\"clearboth\"><\/div><style>#thegem-divider-69f506ca67ea6 {margin-top: 270px !important;}<\/style><div id=\"thegem-divider-69f506ca67ea6\" class=\"gem-divider  divider-hidden\" style=\"\" ><\/div>[vc_column_text css_animation=&#8221;bottom-to-top&#8221;]<\/p>\n<div class=\"title-xlarge\"><span style=\"color: #ffffff;\">DUYURULAR<\/span><\/div>\n<p>[\/vc_column_text]<div class=\"clearboth\"><\/div><style>#thegem-divider-69f506ca67ec8 {margin-top: 40px !important;}<\/style><div id=\"thegem-divider-69f506ca67ec8\" class=\"gem-divider  \" style=\"\" ><\/div>[vc_column_text css_animation=&#8221;bottom-to-top&#8221;]<\/p>\n<div class=\"styled-subtitle\"><span style=\"color: #ffffff;\">DAVRANI\u015e TERAP\u0130LER\u0130 DERNE\u011e\u0130 GENEL KURUL TOPLANTI DUYURUSU<\/span><\/div>\n<h3><em><span style=\"color: #ffffff;\"><a style=\"color: #ffffff;\" href=\"https:\/\/www.dated.org.tr\/wp-content\/uploads\/2024\/01\/duyuru-1.pdf\" target=\"_blank\" rel=\"noopener\">Duyuru Dosyas\u0131n\u0131 G\u00f6r\u00fcnt\u00fcleyin<\/a><\/span><\/em><\/h3>\n<p>[\/vc_column_text]<div class=\"clearboth\"><\/div><style>#thegem-divider-69f506ca67edb {margin-top: 90px !important;}<\/style><div id=\"thegem-divider-69f506ca67edb\" class=\"gem-divider  \" style=\"\" ><\/div>[\/vc_column][vc_column css=&#8221;.vc_custom_1706185271722{padding-top: 350px !important;background-image: url(https:\/\/www.dated.org.tr\/wp-content\/uploads\/2024\/01\/media.jpg?id=2037) !important;background-position: center !important;background-repeat: no-repeat !important;background-size: cover !important;}&#8221; offset=&#8221;vc_col-md-6&#8243;]<div class=\"clearboth\"><\/div><style>#thegem-divider-69f506ca67eec {margin-top: 500px !important;}<\/style><div id=\"thegem-divider-69f506ca67eec\" class=\"gem-divider  \" style=\"\" ><\/div>[\/vc_column][\/vc_row]<\/p>\n<\/div>","protected":false},"excerpt":{"rendered":"<p>[vc_row full_width=&#8221;stretch_row_content_no_spaces&#8221; equal_height=&#8221;yes&#8221; css=&#8221;.vc_custom_1550842308747{margin-bottom: 0px !important;padding-bottom: 0px !important;}&#8221;][vc_column disable_custom_paddings_mobile=&#8221;true&#8221; css=&#8221;.vc_custom_1706183676559{padding-right: 190px !important;padding-left: 70px !important;background-color: #323236 !important;background-position: center !important;background-repeat: no-repeat !important;background-size: contain !important;}&#8221; offset=&#8221;vc_col-md-6 vc_col-sm-offset-0&#8243; el_class=&#8221;verticalPageTitle&#8221;][vc_column_text css_animation=&#8221;bottom-to-top&#8221;] DUYURULAR [\/vc_column_text][vc_column_text css_animation=&#8221;bottom-to-top&#8221;] DAVRANI\u015e&#8230;<\/p>\n","protected":false},"author":1,"featured_media":0,"parent":0,"menu_order":0,"comment_status":"closed","ping_status":"closed","template":"","meta":{"footnotes":""},"class_list":["post-2043","page","type-page","status-publish"],"_links":{"self":[{"href":"https:\/\/www.dated.org.tr\/index.php?rest_route=\/wp\/v2\/pages\/2043","targetHints":{"allow":["GET"]}}],"collection":[{"href":"https:\/\/www.dated.org.tr\/index.php?rest_route=\/wp\/v2\/pages"}],"about":[{"href":"https:\/\/www.dated.org.tr\/index.php?rest_route=\/wp\/v2\/types\/page"}],"author":[{"embeddable":true,"href":"https:\/\/www.dated.org.tr\/index.php?rest_route=\/wp\/v2\/users\/1"}],"replies":[{"embeddable":true,"href":"https:\/\/www.dated.org.tr\/index.php?rest_route=%2Fwp%2Fv2%2Fcomments&post=2043"}],"version-history":[{"count":3,"href":"https:\/\/www.dated.org.tr\/index.php?rest_route=\/wp\/v2\/pages\/2043\/revisions"}],"predecessor-version":[{"id":2048,"href":"https:\/\/www.dated.org.tr\/index.php?rest_route=\/wp\/v2\/pages\/2043\/revisions\/2048"}],"wp:attachment":[{"href":"https:\/\/www.dated.org.tr\/index.php?rest_route=%2Fwp%2Fv2%2Fmedia&parent=2043"}],"curies":[{"name":"wp","href":"https:\/\/api.w.org\/{rel}","templated":true}]}}